3 (base 4) to base 14
-c3
4125 (base 6) to base 14
497
101010 (base 2) to base 9
46
-6b4 (base 15) to base 5
-22034
Convert -14205 (base 6) to base 15.
-9e2
What is 3178 (base 9) in base 5?
33324
Convert 516 (base 10) to base 14.
28c
What is 19a2 (base 11) in base 6?
15420
Convert -1313 (base 10) to base 6.
-10025
19b21 (base 15) to base 16
14632
10200 (base 3) to base 10
99
-2056 (base 9) to base 6
-10553
What is -2133 (base 8) in base 4?
-101123
What is -32a (base 14) in base 5?
-10001
Convert 14267 (base 10) to base 7.
56411
Convert 12211122 (base 3) to base 14.
17a0
Convert 44 (base 5) to base 14.
1a
Convert -257 (base 13) to base 11.
-343
Convert 207 (base 10) to base 11.
179
What is 532 (base 8) in base 15?
181
1300 (base 9) to base 15
44c
Convert 37996 (base 12) to base 8.
223702
What is 136d (base 16) in base 13?
2357
Convert 1100201 (base 3) to base 15.
461
What is -42352 (base 6) in base 7?
-22532
57c (base 14) to base 2
10001000010
Convert -76f (base 16) to base 3.
-2121111
2d0c (base 15) to base 9
14253
What is -1021200120 (base 3) in base 6?
-313023
Convert 110000011 (base 2) to base 10.
387
What is -101272 (base 8) in base 10?
-33466
What is 255401 (base 6) in base 5?
1221012
Convert -14504 (base 6) to base 5.
-33334
What is -27d (base 15) in base 6?
-2344
What is fd93 (base 16) in base 2?
1111110110010011
What is -3230 (base 7) in base 12?
-7b8
What is -548 (base 13) in base 15?
-405
What is 4606 (base 8) in base 10?
2438
What is 579 (base 16) in base 6?
10253
-5214 (base 7) to base 14
-944
-10416 (base 7) to base 14
-d46
Convert 7b4 (base 16) to base 5.
30342
310230 (base 4) to base 7
12555
Convert 70a9 (base 12) to base 2.
10111111000001
1000110110011001 (base 2) to base 3
1211201120
1230021 (base 5) to base 2
101110011010001
Convert 18021 (base 9) to base 3.
122000201
What is -535 (base 13) in base 2?
-1101111001
What is -773b (base 16) in base 9?
-45774
-100555 (base 6) to base 4
-1330313
-121221 (base 6) to base 10
-10669
-73 (base 8) to base 12
-4b
What is -595 (base 13) in base 2?
-1111000111
Convert 214525 (base 7) to base 15.
b251
Convert 1322010 (base 4) to base 6.
100100
Convert -403 (base 12) to base 6.
-2403
Convert -1100110100 (base 2) to base 10.
-820
2c8 (base 16) to base 12
4b4
What is 100111100111 (base 2) in base 7?
10251
Convert -18ac (base 13) to base 7.
-13522
What is -35738 (base 9) in base 15?
-7155
Convert 525 (base 11) to base 9.
772
-261 (base 11) to base 4
-10311
-31232 (base 5) to base 4
-200103
What is -2d9c (base 16) in base 15?
-36d6
-1508 (base 12) to base 6
-15212
Convert -1200120 (base 3) to base 12.
-866
Convert -15440 (base 7) to base 12.
-2618
-110001010 (base 2) to base 8
-612
950 (base 16) to base 10
2384
Convert -110100101 (base 2) to base 4.
-12211
What is -15523 (base 10) in base 8?
-36243
What is -45543 (base 6) in base 7?
-24603
Convert 626 (base 8) to base 16.
196
27807 (base 9) to base 11
13204
251 (base 11) to base 2
100101010
Convert 122210022 (base 3) to base 14.
4a24
Convert 98 (base 12) to base 6.
312
What is 30020 (base 7) in base 8?
16061
What is 1bc6 (base 15) in base 6?
43540
What is 195 (base 16) in base 8?
625
64f (base 16) to base 5
22430
What is 1a41 (base 11) in base 5?
40321
What is -1794 (base 12) in base 7?
-11206
What is 519 (base 12) in base 5?
10431
15c9 (base 15) to base 5
122224
Convert -6877 (base 13) to base 6.
-151424
-212303 (base 4) to base 15
-b08
What is 230 (base 5) in base 13?
50
Convert -33a4 (base 13) to base 6.
-53252
What is -1524 (base 9) in base 6?
-5204
Convert 1 (base 16) to base 6.
1
Convert -438 (base 11) to base 9.
-643
1400 (base 5) to base 2
11100001
Convert 64551 (base 9) to base 11.
2a119
Convert 267 (base 10) to base 12.
1a3
-1220024 (base 5) to base 16
-5a63
-cb (base 13) to base 4
-2213
Convert -4891 (base 16) to base 5.
-1043302
Convert 3426 (base 7) to base 2.
10011011101
What is 10002002 (base 3) in base 6?
14215
2275 (base 15) to base 8
16216
What is -335 (base 13) in base 4?
-20213
What is 30220 (base 4) in base 9?
1087
What is -100201 (base 3) in base 7?
-523
Convert 34135 (base 7) to base 10.
8650
What is b6b (base 13) in base 6?
13004
What is -12210 (base 3) in base 9?
-183
Convert -220 (base 5) to base 13.
-48
110110010 (base 2) to base 3
121002
What is -4569 (base 13) in base 15?
-2d30
Convert -607 (base 8) to base 16.
-187
10d9 (base 15) to base 12
20a3
Convert 52b (base 12) to base 15.
355
-23004 (base 7) to base 4
-1123023
-4301 (base 5) to base 3
-210100
What is -66 (base 11) in base 16?
-48
Convert -73603 (base 8) to base 5.
-1434340
Convert 10001001 (base 3) to base 6.
14131
Convert -3a2 (base 13) to base 10.
-639
What is 4d4 (base 15) in base 11?
90a
-1518 (base 11) to base 16
-7a3
Convert -20d7 (base 16) to base 3.
-102112101
11756 (base 9) to base 10
7908
-3bac (base 13) to base 7
-34023
-10011011 (base 2) to base 13
-bc
Convert 14751 (base 9) to base 12.
5a0a
What is -1312304 (base 5) in base 15?
-7a54
What is -502 (base 7) in base 9?
-304
What is 2279 (base 10) in base 9?
3112
What is 110111 (base 3) in base 10?
337
What is 1b12b (base 12) in base 14?
10799
What is -3b8a6 (base 12) in base 4?
-110020332
Convert 5 (base 12) to base 14.
5
Convert -100122022 (base 3) to base 14.
-27c0
What is -47436 (base 8) in base 13?
-92b0
-31014 (base 5) to base 13
-bb7
13013 (base 5) to base 2
1111110000
-10011100101000 (base 2) to base 6
-114224
Convert -12010 (base 3) to base 2.
-10001010
-b24 (base 16) to base 12
-1798
Convert -12331 (base 4) to base 9.
-544
21041 (base 7) to base 9
7078
3112321 (base 4) to base 10
13753
-210101 (base 3) to base 8
-1101
Convert -377b (base 14) to base 7.
-40214
Convert -103455 (base 8) to base 5.
-2101410
What is 87b (base 12) in base 5?
14442
-2031 (base 7) to base 10
-708
Convert 498 (base 11) to base 16.
24f
What is 1144340 (base 5) in base 4?
11111111
-110012011 (base 3) to base 6
-105051
Convert 101110011010 (base 2) to base 16.
b9a
What is -5686 (base 10) in base 15?
-1a41
What is -203 (base 13) in base 11?
-290
212000 (base 3) to base 12
439
131 (base 16) to base 11
258
801 (base 10) to base 2
1100100001
Convert 101344 (base 7) to base 10.
17329
111110000 (base 2) to base 14
276
Convert 650 (base 15) to base 11.
1086
What is -10000100010 (base 2) in base 8?
-2042
What is 50a (base 11) in base 6?
2503
-253 (base 11) to base 12
-210
-1001101 (base 2) to base 4
-1031
142663 (base 7) to base 9
41564
Convert -63bb (base 12) to base 13.
-4c9a
Convert -16756 (base 9) to base 14.
-42d3
What is 314 (base 12) in base 11?
378
-9 (base 14) to base 12
-9
Convert -d56 (base 14) to base 3.
-10121012
-166c6 (base 13) to base 4
-22132213
Convert -2b (base 13) to base 5.
-122
10744 (base 11) to base 13
70c1
What is -2002020102 (base 3) in base 10?
-40997
What is -152 (base 6) in base 14?
-4c
-3b8b (base 13) to base 4
-2011311
199 (base 11) to base 7
445
What is -189 (base 12) in base 6?
-1053
What is -3741 (base 16) in base 14?
-5225
Convert -102450 (base 7) to base 15.
-53b9
Convert -1c63 (base 14) to base 4.
-1100333
-10232 (base 4) to base 7
-611
Convert 2e77 (base 15) to base 12.
5964
What is -1206 (base 8) in base 10?
-646
What is 2010 (base 4) in base 9?
156
Convert -446 (base 10) to base 12.
-312
What is 150 (base 14) in base 9?
325
-11234 (base 8) to base 10
-4764
1559 (base 11) to base 9
2662
27c (base 15) to base 8
1067
What is 27914 (base 11) in base 4?
21230113
What is -50010 (base 9) in base 3?
-1200000100
a36 (base 14) to base 8
3730
What is -29195 (base 10) in base 3?
-1111001022
Convert -40a (base 12) to base 6.
-2414
-1000111000011 (base 2) to base 15
-1532
Convert -10001100010011 (base 2) to base 8.
-21423
Convert -23302 (base 8) to base 14.
-388a
39d6 (base 14) to base 12
5a88
-16f3 (base 16) to base 6
-43111
What is 68 (base 12) in base 11?
73
What is 2143 (base 7) in base 4?
23332
What is -1205 (base 6) in base 7?
-566
Convert -1310031 (base 4) to base 15.
-230c
What is -6f7d (base 16) in base 2?
-110111101111101
Convert -456 (base 11) to base 15.
-265
-2146 (base 8) to base 7
-3166
Convert -2302 (base 7) to base 8.
-1503
What is -932 (base 11) in base 9?
-1478
-100111011101 (base 2) to base 14
-cc5
Convert -143033 (base 5) to base 3.
-22020220
-12113021 (base 4) to base 11
-18